What is the greatest common divisor of o and 18?
18
Suppose x - 6*x + 120 = 0. Let m = x + -31. Let d be (-300)/(-70)*(0 - m). Calculate the highest common divisor of 75 and d.
15
Let c(x) = 16*x - 2. Suppose -3*k + 5 + 31 = 0. Let s be c(k). Calculate the greatest common factor of 19 and s.
19
Suppose -3*d + 50 = 2*d. Let u = -15 + -15. Let v = -28 - u. What is the highest common divisor of d and v?
2
Let q be 1/((-14)/8) + (-2160)/(-105). Calculate the highest common factor of q and 100.
20
Suppose -3*j + 5*u + 90 + 19 = 0, -j + 47 = u. Calculate the highest common divisor of 172 and j.
43
Suppose t = 2*t. Suppose t = -4*j, -24 - 8 = -2*g - 3*j. Suppose 432 = 2*k + k. Calculate the greatest common factor of k and g.
16
Let s(t) = 20 - 5 + 14*t + 15*t + 2*t. Let c be s(7). Suppose 4*n = -o + 4*o - 160, 2*n = -5*o + c. What is the highest common divisor of o and 16?
16
Let n(q) = 59 - 55 + 2*q + 0*q**2 - q**2. Let b be n(0). Calculate the greatest common divisor of b and 4.
4
Let g be ((-1)/(-1))/((-1)/(-13)). Suppose 20 + 190 = -3*x. Let q = x + 122. What is the highest common factor of q and g?
13
Let d(n) = 3*n + 4. Let a be d(-4). Let m be (-21)/(-3) + a/(-4). Calculate the highest common divisor of 6 and m.
3
Let r be 76/(-4 + 8) + 2. Calculate the greatest common factor of 3 and r.
3
Suppose h + 0 - 5 = 0. Suppose 0 = h*j - 2 - 38. Suppose -82 = -3*b - 5*g, -b + 3*g + 13 = -5. Calculate the highest common divisor of j and b.
8
Suppose -146 = -9*g + 34. What is the highest common divisor of 740 and g?
20
Let s(v) = -v**3 + 8*v**2 + 29*v - 25. Let d be s(9). Calculate the greatest common divisor of d and 62.
31
Let v(c) = -52*c - 4. Let j be v(-1). Let b = 58 - j. What is the greatest common factor of b and 70?
10
Suppose -q = -2*x - 32, 2*x = 5*q + x - 115. What is the highest common factor of q and 176?
22
Suppose -50 = -3*j - 5. Suppose 5*l + 18 = 11*l. Calculate the greatest common factor of j and l.
3
Suppose 0*y + y = -3. Let n(l) = -3*l - 1. Let z be n(y). Calculate the highest common divisor of 56 and z.
8
Let b = 145 + -106. What is the greatest common divisor of 312 and b?
39
Suppose 0 = 11*z - 3966 - 2029. What is the highest common divisor of z and 10?
5
Let b = -61 + 61. Suppose l = v + 1 - 10, -4*v - 5*l + 54 = b. Calculate the highest common divisor of 33 and v.
11
Let q(a) = -5*a + 1. Suppose -2*l = -0*l - 10. Suppose -l*o - 23 = 2. Let r be q(o). What is the greatest common factor of r and 78?
26
Suppose -3*f + 42 = -0*f. Let j = 7 + -5. Suppose 0 = j*x - 5*x + 42. What is the greatest common divisor of f and x?
14
Let t be ((-2)/(-6))/((-6)/(-18)) + 20. Calculate the greatest common factor of t and 231.
21
Suppose 139*x - 136*x - 306 = 0. What is the highest common divisor of x and 170?
34
Let b(s) = s**2 + 18*s + 18. Let y be b(-15). Let a be (-4)/18 + (-1194)/y. What is the highest common factor of 4 and a?
4
Let w(z) = -2*z - 4. Let m be w(-5). Suppose 10*o + 72 = m*o. Let i = 81 - o. Calculate the greatest common factor of i and 9.
9
Suppose -5*a + 208 + 307 = 0. Let o be 3 + 2 + -2 + a. Suppose -10 = -5*j - 2*y + o, 60 = 3*j - 2*y. Calculate the highest common factor of j and 33.
11
Suppose -5*b - 1078 = -2*k, k + 2*b = -b + 550. Calculate the greatest common divisor of k and 34.
34
Let f = 38 + -34. Calculate the highest common divisor of 332 and f.
4
Let y be (-127)/(-2) - (35/(-10))/(-7). Let g = -19 + y. Calculate the highest common factor of g and 44.
44
Let w(o) = o**2 - 11*o + 7. Let p be w(12). Calculate the greatest common divisor of p and 247.
19
Let k be 4/22 - (-429520)/44. Let g be (-2)/(-8) + k/24. Let l = g + -218. What is the highest common divisor of 27 and l?
27
Let f be (-18)/4*16/(-24). Suppose 2*s - 8 = -f*l, 0 = -4*s + 5 + 11. Suppose -13*v + 11*v + 20 = l. Calculate the greatest common factor of v and 70.
10
Suppose 3*u = 4*n + 28, 2*u - 13 - 7 = 3*n. Suppose u*i + 5*h = 3*h + 20, 3*i = 3*h - 3. What is the greatest common factor of 3 and i?
3
Let v be -3 + 2 + -9 + -1. Let t(l) = 2*l + 25. Let b be t(v). Suppose -72 = b*g - 7*g. Calculate the highest common factor of g and 27.
9
Suppose 266 = -3*k + 386. What is the greatest common factor of 210 and k?
10
Suppose -10*z + 1323 = -3*z. Calculate the highest common divisor of 9 and z.
9
Let i be ((-12)/(-8))/(6/(-104)). Let y be 1*i/(-2) - -2. Calculate the highest common divisor of y and 135.
15
Let x = -11 + 15. Suppose 7 + 41 = x*d. Suppose 2*g - 16 = 248. What is the highest common divisor of d and g?
12
Suppose 0 = -3*q - 3*r + 39, -2*q + 0*q - r = -23. Suppose 6*d = -q*d + 352. What is the highest common factor of d and 2?
2
Let u be 5 + -9 + 29/1. Let r be ((-3)/2 - 1)*(13 + -15). What is the highest common factor of r and u?
5
Let w be ((-1208)/20 + 3/(-5))*-13. What is the greatest common factor of 13 and w?
13
Suppose l + 3*w - 47 = 0, -9*w + 10*w = 3*l - 131. What is the greatest common divisor of l and 319?
11
Let r(a) be the second derivative of a**5/20 - a**4/4 + a**3/6 - a**2 - 17*a. Let t be r(5). Calculate the highest common factor of t and 424.
53
Let m(l) = -13*l**2 + 93*l - 113. Let d(p) = -3*p**2 + 23*p - 28. Let o(j) = 9*d(j) - 2*m(j). Let r be o(16). What is the highest common divisor of 135 and r?
27
Suppose -3*f = -2*y + 611, 0 = 5*y + f + 192 - 1745. Calculate the greatest common factor of 2015 and y.
155
Let m = 563 - 447. Let u = 102 - 73. What is the highest common divisor of m and u?
29
Let z = -1396 - -3417. Calculate the highest common factor of z and 43.
43
Let c = 141 - 139. Let q = -9 - -13. Let p be ((-8)/(-10))/(q/10). What is the highest common divisor of c and p?
2
Suppose -182 = -3*v + 4*x, 7*v - 4*x + 214 = 10*v. What is the highest common divisor of 297 and v?
33
Suppose 26*k - 232 = 24*k. Calculate the greatest common factor of 145 and k.
29
Let j(p) = 9*p**2 - 4*p + 5. Let s be j(4). Let o = -31 + 45. Suppose 9*y = o*y - 95. What is the highest common factor of s and y?
19
Let d be 1/(56/20 + -3). Let y(f) = -46*f + 10. Let s be y(d). Calculate the greatest common divisor of s and 30.
30
Suppose -4*b - b = -55. Suppose 7*m + 48 = b*m. What is the greatest common divisor of m and 24?
12
Let m = 22 + -18. Suppose -5*v - 18 = -i - 2, -4*v - 24 = 2*i. Let u be (-76)/(v/2) + -2. What is the greatest common factor of u and m?
4
Let x be 8/6 + 104/3. Suppose 0 = -2*b + a + 2*a - 11, -1 = -a. Let p be (b - 0) + 8 + 0. Calculate the highest common factor of p and x.
4
Suppose 7*d + 195 - 6 = 0. Let n = 35 + d. Calculate the greatest common divisor of n and 40.
8
Let i = -33 + 60. Let g(u) = -u + 1. Let y(d) = -d**2 + 17*d - 47. Let a(z) = g(z) + y(z). Let c be a(11). Calculate the greatest common divisor of c and i.
9
Let m = 1618 - 1317. Calculate the greatest common factor of m and 559.
43
Let a = 459 + -315. Calculate the highest common divisor of 54 and a.
18
Let n(p) = 334*p - 223. Let j be n(4). Calculate the greatest common factor of 21 and j.
21
Let h(v) = -22*v - 38. Suppose -36 = -4*c - 52. Let w be h(c). Calculate the highest common factor of w and 20.
10
Let a(h) = -2*h - 12. Let m be a(0). Let u = m - 3. Let g = 7 - u. Calculate the highest common divisor of 55 and g.
11
Let n(o) = 5*o**2 + 9*o + 4. Let s be n(-4). Suppose 3*k + k = s. What is the greatest common divisor of 12 and k?
12
Let c(z) = z**3 + 23*z**2 + 19*z - 24. Let d be c(-22). Calculate the greatest common divisor of 42 and d.
42
Let b = -345 + 357. Calculate the highest common factor of b and 30.
6
Suppose 8*z = 9*z + 18. Let u be -1*6*-6*(-9)/z. What is the greatest common factor of 9 and u?
9
Let q(y) = 2*y**2 - 18*y - 10. Let z be q(10). Suppose -f = 2*f - 60. Calculate the highest common divisor of f and z.
10
Let w(t) = t**3 + 8*t**2 + 6*t. Let o(l) = l**2 + l - 2. Let d be o(0). Let p be (-69)/9 + d/(-3). Let y be w(p). What is the highest common factor of 14 and y?
7
Let v = 201 - 142. Suppose -4*n + 53 = -v. Let c = 9 + -2. What is the greatest common divisor of c and n?
7
Let f(y) = 6*y + 2. Let b be f(3). Suppose -5*g = -b, 5*g + 15 = t - 63. Let n = t + 45. Calculate the highest common factor of n and 13.
13
Let r = -155 - -344. What is the greatest common divisor of 84 and r?
21
Let r be (1 - 1)/(-4) - -10. Suppose 6